s the greatest common factor of f and 50?
10
Let x(d) = -d**2 + 2*d + 1. Let m be x(2). Let c be (61 - -1)/(m/(-4)). Let y be (-8)/(-28) + c/(-14). Calculate the greatest common divisor of y and 90.
18
Let v be 741/91 + 1/(-7). Calculate the highest common divisor of v and 152.
8
Let q(w) = -5 - w + 2 + 16*w. Let g be q(6). Let j(r) = -223*r - 611. Let o be j(-3). Calculate the highest common factor of o and g.
29
Let a(u) = 37*u - 75. Let v be a(4). What is the greatest common divisor of 365 and v?
73
Let m = -316 - -308. Let i be (-1)/2 - (-14)/4. Let o be i/m + 295/40. Calculate the greatest common divisor of o and 56.
7
Suppose -31*h + 14 = -29*h. Suppose 10 + 4 = h*y. Let n = 12 + -6. What is the greatest common factor of n and y?
2
Let i be 1 + (-4 - -2) + 400/16. Suppose -c - 4*c + 40 = 0. Calculate the greatest common factor of i and c.
8
Suppose -q + 44 + 37 = 4*y, -4*q - 4*y = -288. Let a = q + -57. What is the greatest common factor of 132 and a?
12
Suppose 0*x - 3*x = -60. Suppose 560 = -2*z + 9*z. What is the greatest common factor of z and x?
20
Let w = 900 + -465. Calculate the highest common factor of w and 15.
15
Let l = -34 - -36. Suppose 0*x - l*d = -3*x + 22, 5*d + 29 = x. Suppose 5*j = -3*c + 2*j + 72, -2*c = -j - 36. What is the highest common divisor of x and c?
4
Let f(w) = 5*w**2 + 5. Let m be f(-9). What is the highest common factor of m and 246?
82
Suppose -m = -7*m + 36. Let d = -2 + m. Suppose d*v = 3*v + 54. What is the highest common divisor of v and 6?
6
Suppose 6*j = 2*j - 72. Let b = j - -18. Suppose -5*u + b*u = -60. What is the highest common divisor of u and 12?
12
Suppose v + 21 = 3*b - b, v - 15 = -b. Suppose 6*m - b = 5*m. Calculate the greatest common factor of m and 132.
12
Let s(m) = m**2 - 2 - 10 + m - 2. Suppose 5*b - 4*o = o - 15, -12 = 4*o. Let k be s(b). What is the highest common factor of k and 8?
8
Suppose -3*r + 8*u = 4*u - 466, 2*r + 5*u - 349 = 0. Let k be (25/3)/(9/r). Suppose -3*s + 13 = -77. What is the highest common divisor of s and k?
30
Let u = 608 + -562. Calculate the highest common divisor of u and 368.
46
Let g = 17 - 5. Suppose -u + 6*u + q = 30, -2*u + q = -g. Suppose 0 = 5*a - 2*o - 66, -u + 64 = 4*a + o. What is the greatest common factor of a and 7?
7
Let c = -75 - -76. Suppose -3*x + c = -32. Suppose -5*j - 4*y + 212 = 0, -97 = -4*j - 2*y + 75. What is the highest common factor of x and j?
11
Suppose 0 = -4*k + 12, 2*d - 3*k = 83 - 344. Let q be 1/(d/66 + 2). Calculate the greatest common factor of q and 1.
1
Let n = 107 + 19. Calculate the highest common factor of 180 and n.
18
Suppose 5*b + 5 = -210. Let d = b - -98. Calculate the highest common factor of 5 and d.
5
Let l(j) = -27*j**3 - 270*j**2 - 9*j - 40. Let o be l(-10). Let r(v) = v**3 + 6*v**2 - 3*v + 2. Let i be r(-6). Calculate the highest common factor of o and i.
10
Let w = 11 - 8. Suppose 3*q - 381 = -w*s, -4*s - 269 = -2*q - s. Calculate the greatest common factor of q and 10.
10
Suppose -h = -5*v - 28, 39*h - v - 28 = 36*h. Suppose 0 = q + q - 24. What is the greatest common divisor of q and h?
4
Let a(x) = 3*x + 2. Let p be a(-2). Let o be (-2)/11 + 21312/88 + p. Calculate the greatest common factor of o and 14.
14
Let k be (-64)/6*(-9)/6. Let h = -319 + 463. What is the greatest common divisor of h and k?
16
Let b(y) be the first derivative of y**3/3 + 7*y**2/2 + 13*y - 14. Let x be (-54)/9 - 0/1. Let q be b(x). What is the greatest common divisor of 7 and q?
7
Let w be 1/(14/74) + (-2)/7. Let h be (-4)/((-12)/(-3)) + 40/w. What is the greatest common factor of 77 and h?
7
Suppose 5*i = -5, -5*m - 8*i + 3*i + 50 = 0. Let g = -6 + m. Calculate the highest common factor of g and 15.
5
Suppose 72 = 8*r - 6*r. Suppose 17*i - 14*i = r. Let p(l) = l**2 + 2*l + 4. Let h be p(-2). What is the highest common divisor of i and h?
4
Suppose -327 = -n - 277. What is the highest common divisor of n and 70?
10
Suppose 0 = -22*u + 13662 - 3102. What is the greatest common factor of u and 30?
30
Let z(b) = -b**2 + 8*b + 121. Let k be z(13). Calculate the greatest common factor of 28 and k.
28
Suppose -l - 825 = 4*l. Let j = l + 24. Let u be 4/(-18) - j/27. Calculate the greatest common factor of u and 45.
5
Let w(p) = 3*p**2 - 3*p + 10. Let o be w(3). Let d be 8/o + (-1 - (-136)/14). Calculate the greatest common divisor of d and 54.
9
Let k(n) = -n**2 - 11*n - 6. Suppose -6*l + 3*l = 30. Let g be k(l). What is the highest common factor of g and 20?
4
Let q(j) = 233*j + 80. Let f be q(0). Let x = 11 + 1. Let o = -4 + x. What is the highest common divisor of o and f?
8
Let z = -147 - -267. Let p be (9/15)/((-1)/(-25)). What is the highest common factor of z and p?
15
Suppose 0 = 2*q - 2*s - 30, -q = q + s - 21. What is the highest common divisor of q and 12?
12
Let d(b) = -2*b**3 - 18*b**2 + b - 7. Let g be d(-9). Let q = g - -19. What is the highest common factor of q and 24?
3
Suppose 795 = 38*m + 15*m. Calculate the highest common factor of m and 25.
5
Suppose -350 = 7*x - 21*x. What is the highest common factor of x and 45?
5
Suppose -20*p + 121 + 579 = 0. What is the greatest common divisor of p and 665?
35
Let w = -244 + 892. What is the highest common factor of 24 and w?
24
Suppose 2*l = -2*p + 2, -p = 3*p + 5*l - 1. Suppose 0 = p*c + 18 + 2. Let h = 0 - c. What is the greatest common factor of 40 and h?
5
Let p(r) = -5*r + 5. Let k be p(-2). Let f = -6 + k. What is the greatest common divisor of f and 90?
9
Let n(a) = a**3 - 16*a**2 - 17*a + 12. Let q be n(17). Let b be 1 + 1*-15 + -2. Let i be (b/2)/(1/(-6)). What is the highest common divisor of i and q?
12
Let o(f) = 13*f - 9. Let h be o(6). Let x = 109 - h. What is the greatest common factor of x and 4?
4
Suppose -2*a + 51 + 13 = 0. Let w be 0/(5/(5/2)). Suppose w = 2*g - 8*g + 1344. What is the highest common factor of g and a?
32
Let x = 55 - 47. Let f(l) = 65*l**3 + l**2 - 2*l. Let k be f(1). Calculate the greatest common divisor of x and k.
8
Let l be ((-8)/(-12))/((-18)/(-2187)). What is the greatest common divisor of 135 and l?
27
Suppose -2*f - 5*l + 2793 = 2*f, 3*l = 3. Calculate the greatest common divisor of 34 and f.
17
Let q = -16 + 30. Let i(w) = -4*w + 49. Let o be i(15). Let l be (7 - o)*(8 + -1). What is the highest common factor of q and l?
14
Let n(h) = h + 8. Let w be n(-5). Suppose w*q - q - 14 = 0. Calculate the greatest common factor of q and 77.
7
Let h = -24 + 64. Suppose 5*j - h - 60 = 5*f, -70 = -4*j + 2*f. Calculate the highest common factor of 5 and j.
5
Let r = -56 - -39. Let t(c) = -c - 6. Let b be t(r). Suppose y = -0*y + 99. What is the greatest common factor of b and y?
11
Suppose -s = s - 12. Suppose -z - 125 = -s*z. Suppose 2*g - 11 - z = 0. What is the greatest common divisor of 198 and g?
18
Suppose -v - 63 = 4*d, v + d + 43 = 2*d. Let z = -44 - v. What is the greatest common factor of 27 and z?
3
Suppose 20 = -2*u + 30. Calculate the greatest common divisor of 5 and u.
5
Let q be 7 - (-2 + 5 + -1 + -6). Let v(o) = 4*o**2 + 6*o + 4. Let w(t) = -t - 1. Let r be w(3). Let m be v(r). What is the highest common factor of q and m?
11
Let p = 13 - 9. Suppose p*y - 12 = -3*g, 2*y - 4 = -2*y - g. Suppose y = -0*x + 3*x - 9. Calculate the highest common divisor of 1 and x.
1
Let k be 363/44*(1 - (-6)/2). Let g = k + -13. What is the greatest common factor of 160 and g?
20
Let g(d) = -d**2 - 16*d - 5. Let x be g(-16). Let v be ((-25)/(-4) - x) + (-3)/(-4). Calculate the highest common factor of 42 and v.
6
Suppose -3*l - 36 = -39. Let c be 101 - (l + (-3 - -3)). What is the highest common factor of 50 and c?
50
Let o(x) = 4*x + x - x**2 + 6*x. Let z be o(8). Suppose 0*p - 5*s - 82 = -p, -222 = -3*p + 3*s. Calculate the highest common factor of z and p.
24
Suppose 9*n - 3092 = -797. What is the greatest common divisor of 680 and n?
85
Let t(k) = k**2 + 7*k + 7. Let x = -9 - -13. Suppose 5*i = -f - 36, -3*f = f + x. Let v be t(i). Calculate the greatest common factor of v and 7.
7
Let m be (1155/75 - 14)*20. Let o = 3 - 2. Let n be o - 0 - (-41)/1. What is the greatest common factor of n and m?
14
Let l(v) = -7*v - 25. Let f = 114 + -122. Let r be l(f). What is the highest common divisor of 93 and r?
31
Let b = -48 + 51. Suppose -b*m